{"id":861,"date":"2012-11-03T15:18:03","date_gmt":"2012-11-03T15:18:03","guid":{"rendered":"http:\/\/dlrg-seligenstadt.de\/jugend\/?page_id=861"},"modified":"2017-04-06T14:12:57","modified_gmt":"2017-04-06T12:12:57","slug":"anmeldung-und-einverstandiserklarung-formular","status":"publish","type":"page","link":"https:\/\/dlrg-seligenstadt.de\/jugend\/anmeldung-und-einverstandiserklarung-formular\/","title":{"rendered":"Anmeldung und Einverst\u00e4ndiserkl\u00e4rung Formular"},"content":{"rendered":"<p><strong>Hier gibt es Anmeldeformulare f\u00fcr Jugendveranstaltungen zum Download.<\/strong><\/p>\n<p>Allgemeine Anmeldung und Einverst\u00e4ndiserkl\u00e4rung als PDF-Formular herunterladen:<\/p>\n<p><a href=\"http:\/\/dlrg-seligenstadt.de\/jugend\/wp-content\/uploads\/2012\/11\/DLRG-Ju-Sel-Anmeldung-Einverst\u00e4ndniserkl\u00e4rung-2013-02.pdf\">Download: DLRG-Jugend Seligenstadt Anmeldung und Einverst\u00e4ndniserkl\u00e4rung [PDF]<\/a><\/p>\n<h3>Anmeldung in Papierform<\/h3>\n<p>Die Anmeldung kann wie folgt abgegeben werden:<\/p>\n<ul>\n<li>Beim Leiter zust\u00e4ndigen der Arbeitsgruppe der Jugend<\/li>\n<li>Beim <a href=\"http:\/\/dlrg-seligenstadt.de\/jugend\/jugendvorstand\/\">Jugendvorsitzenden<\/a>, z.B. Mi 18-21 an der Station\/im Freibad<\/li>\n<li>Per Post an die Adresse:<br \/>\nDLRG Ortsgruppe Seligenstadt e. V., Am Schwimmbad 5, 63500 Seligenstadt (Hessen)<\/li>\n<li>Eingescannt per Mail an <a href=\"mailto:jugendvorsitz@seligenstadt.dlrg.de?Subject=Anmeldung f\u00fcr Jugendveranstaltung\" target=\"_blank\">jugendvorsitz@seligenstadt.dlrg.de<\/a><\/li>\n<\/ul>\n<h3>Selbsterkl\u00e4rung zum Gesundheitszustand und weitere Unterlagen<\/h3>\n<p>Die Selbsterkl\u00e4rung zum Gesundheitszustand ist z.B. notwendig bei den meisten Ausbildungen und rettungssportlichen Veranstaltungen. Die G\u00fcltigkeit betr\u00e4gt maximal zwei Jahre, um sicher zu gehen fordern wir jedes Jahr eine neue.<\/p>\n<p>Die Formulare gibt es auch ausgedruckt in unserer Station am Schwimmbad.<\/p>\n<ul>\n<li><a href=\"http:\/\/dlrg-seligenstadt.de\/jugend\/wp-content\/uploads\/2012\/11\/Erklaerung_Gesundheitszustand_n.pdf\">Selbsterkl\u00e4rung zum Gesundheitszustand [PDF]<\/a><\/li>\n<\/ul>\n<p>&nbsp;<\/p>\n<p>Bei Anregungen, Fragen und Problemen mit den Anmeldung bzw. Einverst\u00e4ndniserkl\u00e4rung stehen wir euch jederzeit zur Verf\u00fcgung.<br \/>\n<a title=\"Kontakt\" href=\"http:\/\/dlrg-seligenstadt.de\/jugend\/kontakt\/\">Kontakt aufnehmen&#8230;<\/a><\/p>\n","protected":false},"excerpt":{"rendered":"<p>Hier gibt es Anmeldeformulare f\u00fcr Jugendveranstaltungen zum Download. Allgemeine Anmeldung und Einverst\u00e4ndiserkl\u00e4rung als PDF-Formular herunterladen: Download: DLRG-Jugend Seligenstadt Anmeldung und Einverst\u00e4ndniserkl\u00e4rung [PDF] Anmeldung in Papierform Die Anmeldung kann wie folgt abgegeben werden: Beim Leiter zust\u00e4ndigen der Arbeitsgruppe der Jugend Beim &hellip; <a href=\"https:\/\/dlrg-seligenstadt.de\/jugend\/anmeldung-und-einverstandiserklarung-formular\/\">Weiterlesen <span class=\"meta-nav\">&rarr;<\/span><\/a><\/p>\n","protected":false},"author":1,"featured_media":0,"parent":0,"menu_order":0,"comment_status":"open","ping_status":"open","template":"","meta":{"footnotes":""},"_links":{"self":[{"href":"https:\/\/dlrg-seligenstadt.de\/jugend\/wp-json\/wp\/v2\/pages\/861"}],"collection":[{"href":"https:\/\/dlrg-seligenstadt.de\/jugend\/wp-json\/wp\/v2\/pages"}],"about":[{"href":"https:\/\/dlrg-seligenstadt.de\/jugend\/wp-json\/wp\/v2\/types\/page"}],"author":[{"embeddable":true,"href":"https:\/\/dlrg-seligenstadt.de\/jugend\/wp-json\/wp\/v2\/users\/1"}],"replies":[{"embeddable":true,"href":"https:\/\/dlrg-seligenstadt.de\/jugend\/wp-json\/wp\/v2\/comments?post=861"}],"version-history":[{"count":17,"href":"https:\/\/dlrg-seligenstadt.de\/jugend\/wp-json\/wp\/v2\/pages\/861\/revisions"}],"predecessor-version":[{"id":1853,"href":"https:\/\/dlrg-seligenstadt.de\/jugend\/wp-json\/wp\/v2\/pages\/861\/revisions\/1853"}],"wp:attachment":[{"href":"https:\/\/dlrg-seligenstadt.de\/jugend\/wp-json\/wp\/v2\/media?parent=861"}],"curies":[{"name":"wp","href":"https:\/\/api.w.org\/{rel}","templated":true}]}}