{"id":57,"date":"2010-12-26T16:33:30","date_gmt":"2010-12-26T16:33:30","guid":{"rendered":"http:\/\/dlrg-seligenstadt.de\/jugend\/"},"modified":"2019-07-08T13:30:14","modified_gmt":"2019-07-08T11:30:14","slug":"spenden","status":"publish","type":"page","link":"https:\/\/dlrg-seligenstadt.de\/jugend\/spenden\/","title":{"rendered":"Spenden"},"content":{"rendered":"<p><img decoding=\"async\" loading=\"lazy\" class=\"alignleft wp-image-617 size-full\" title=\"DLRG-Jugend - Wir retten Leben\" src=\"https:\/\/dlrg-seligenstadt.de\/jugend\/wp-content\/uploads\/2010\/12\/dlrg-jugend-wir-retten-leben.gif\" alt=\"DLRG-Jugend - Wir retten Leben\" width=\"98\" height=\"103\" \/><strong>Gef\u00e4llt Ihnen unsere Arbeit?<\/strong><\/p>\n<p>Dann unterst\u00fctzen Sie jetzt die DLRG OG Seligenstadt mit einer Spende, oder sponsorn sie uns. <a href=\"kontakt\/\">Kontakt aufnehmen&#8230;<\/a><\/p>\n<p>Wir leisten in Seligenstadt wertvolle Jugendarbeit, sind in den Katastrophenschutz eingebunden und bilden \u00fcber 100 Kindern und Jugendlichen jedes Jahr im Schwimmen aus &#8211; nach dem Motto:<\/p>\n<blockquote><p>&#8222;Jeder Nichtschwimmer ein Schwimmer &#8211;<br \/>\nJeder Schwimmer ein Rettungsschwimmer!&#8220;<\/p><\/blockquote>\n<p>Sparkasse Langen-Seligenstadt<br \/>\nIBAN: DE66 5065 2124 0101 6365 04<br \/>\nBIC: HELADEF1SLS<br \/>\nSie k\u00f6nnen mit dem Vermerk &#8222;Jugendarbeit&#8220; darauf hinweisen, dass sie w\u00fcnschen, das Geld explizit f\u00fcr die Jugendarbeit zu verwenden.<\/p>\n<h2>\u00dcber uns<\/h2>\n<p><a href=\"http:\/\/www.dlrg-jugend.de\/der-verband\/leitbild.html\" target=\"_blank\" rel=\"noopener noreferrer\">Leitbild der DLRG-Jugend (\u00f6ffnet neuen Tab)<\/a><\/p>\n<p><a href=\"http:\/\/dlrg-seligenstadt.de\/jugend\/jugendvorstand\/\">Jugendvorstand<\/a><\/p>\n<p><a href=\"http:\/\/dlrg-seligenstadt.de\/jugend\/kontakt\/\">Kontakt<\/a><\/p>\n<h3>Partner, Unterst\u00fctzer und Sponsoren<\/h3>\n<p>Die DLRG-Jugend ist die Organisation der Kinder, Jugendlichen und jungen Erwachsenen innerhalb der Deutschen Lebens-Rettungs-Gesellschaft.<\/p>\n<p>F\u00fcr ihr Engagement braucht sie Unterst\u00fctzung.<\/p>\n<p>Folgende Partner haben die DLRG und\/oder DLRG-Jugend Seligenstadt im Jahr 2018 unterst\u00fctzt:<\/p>\n<p>Das Nachrichtenportal f\u00fcr Seligenstadt, <a href=\"http:\/\/sellestadt.de\">Sellestadt.de<\/a> hat u.a. beim DLRG Nachtschwimmen im Freischwimmbad. Die Website ist ein wertvoller Medienpartner f\u00fcr Vereine. Weitere Unterst\u00fctzung haben wir von Martina Gillner (Heilpraktikerin eingeschr\u00e4nkt auf das Gebiet der Psychotherapie) erhalten. In ihrer Praxis <a href=\"https:\/\/psychotherapieseligenstadt.de\">PsychotherapieSeligenstadt.de<\/a> wird beispielsweise Systemische Beratung angeboten.<\/p>\n<p>Wir suchen st\u00e4ndig nach Unterst\u00fctzern und Partnern, die uns helfen, unseren Ziele zu errreichn. Sprechen Sie uns an!<\/p>\n","protected":false},"excerpt":{"rendered":"<p>Gef\u00e4llt Ihnen unsere Arbeit? Dann unterst\u00fctzen Sie jetzt die DLRG OG Seligenstadt mit einer Spende, oder sponsorn sie uns. Kontakt aufnehmen&#8230; Wir leisten in Seligenstadt wertvolle Jugendarbeit, sind in den Katastrophenschutz eingebunden und bilden \u00fcber 100 Kindern und Jugendlichen jedes &hellip; <a href=\"https:\/\/dlrg-seligenstadt.de\/jugend\/spenden\/\">Weiterlesen <span class=\"meta-nav\">&rarr;<\/span><\/a><\/p>\n","protected":false},"author":1,"featured_media":0,"parent":0,"menu_order":4,"comment_status":"open","ping_status":"open","template":"","meta":{"footnotes":""},"_links":{"self":[{"href":"https:\/\/dlrg-seligenstadt.de\/jugend\/wp-json\/wp\/v2\/pages\/57"}],"collection":[{"href":"https:\/\/dlrg-seligenstadt.de\/jugend\/wp-json\/wp\/v2\/pages"}],"about":[{"href":"https:\/\/dlrg-seligenstadt.de\/jugend\/wp-json\/wp\/v2\/types\/page"}],"author":[{"embeddable":true,"href":"https:\/\/dlrg-seligenstadt.de\/jugend\/wp-json\/wp\/v2\/users\/1"}],"replies":[{"embeddable":true,"href":"https:\/\/dlrg-seligenstadt.de\/jugend\/wp-json\/wp\/v2\/comments?post=57"}],"version-history":[{"count":16,"href":"https:\/\/dlrg-seligenstadt.de\/jugend\/wp-json\/wp\/v2\/pages\/57\/revisions"}],"predecessor-version":[{"id":2329,"href":"https:\/\/dlrg-seligenstadt.de\/jugend\/wp-json\/wp\/v2\/pages\/57\/revisions\/2329"}],"wp:attachment":[{"href":"https:\/\/dlrg-seligenstadt.de\/jugend\/wp-json\/wp\/v2\/media?parent=57"}],"curies":[{"name":"wp","href":"https:\/\/api.w.org\/{rel}","templated":true}]}}